{"id":12,"date":"2022-06-27T22:25:29","date_gmt":"2022-06-27T22:25:29","guid":{"rendered":"http:\/\/lmsfeirabogados.com.ar\/?page_id=12"},"modified":"2026-02-23T15:51:04","modified_gmt":"2026-02-23T15:51:04","slug":"nosotros","status":"publish","type":"page","link":"https:\/\/lmsfeirabogados.com.ar\/","title":{"rendered":"Home"},"content":{"rendered":"\n<p><\/p>\n\n\n\n<div class=\"wp-block-media-text is-stacked-on-mobile\"><figure class=\"wp-block-media-text__media\"><img loading=\"lazy\" decoding=\"async\" width=\"1024\" height=\"682\" src=\"https:\/\/lmsfeirabogados.com.ar\/wp-content\/uploads\/2026\/02\/IMG_0023-1024x682.jpeg\" alt=\"\" class=\"wp-image-353 size-full\" srcset=\"https:\/\/lmsfeirabogados.com.ar\/wp-content\/uploads\/2026\/02\/IMG_0023-1024x682.jpeg 1024w, https:\/\/lmsfeirabogados.com.ar\/wp-content\/uploads\/2026\/02\/IMG_0023-300x200.jpeg 300w, https:\/\/lmsfeirabogados.com.ar\/wp-content\/uploads\/2026\/02\/IMG_0023-768x512.jpeg 768w, https:\/\/lmsfeirabogados.com.ar\/wp-content\/uploads\/2026\/02\/IMG_0023-1536x1024.jpeg 1536w, https:\/\/lmsfeirabogados.com.ar\/wp-content\/uploads\/2026\/02\/IMG_0023-2048x1365.jpeg 2048w\" sizes=\"auto, (max-width: 1024px) 100vw, 1024px\" \/><\/figure><div class=\"wp-block-media-text__content\">\n<p>Somos un Estudio de Abogados full service que asesora a clientes corporativos y financieros, as\u00ed como a organismos gubernamentales y multilaterales.<\/p>\n\n\n\n<p>Participamos en transacciones y litigios de alta complejidad y abordamos los desaf\u00edos con una visi\u00f3n creativa y de alto valor agregado, con foco en el dise\u00f1o de la soluci\u00f3n m\u00e1s eficaz para cada caso.<\/p>\n<\/div><\/div>\n\n\n\n<div class=\"wp-block-media-text has-media-on-the-right is-stacked-on-mobile\"><div class=\"wp-block-media-text__content\">\n<p>\u201c<em>En una realidad en cambio constante, es necesario que los abogados nos desafiemos constantemente para buscar brindar un servicio de excelencia, buscando formas de agregar valor y as\u00ed convertirse en un socio estrat\u00e9gico de nuestros clientes<\/em>\u201d<br><br>                     Luis Mar\u00eda Sfeir<br>                     Socio Fundador<\/p>\n<\/div><figure class=\"wp-block-media-text__media\"><img loading=\"lazy\" decoding=\"async\" width=\"1024\" height=\"683\" src=\"https:\/\/lmsfeirabogados.com.ar\/wp-content\/uploads\/2026\/02\/IMG_0024-1024x683.jpeg\" alt=\"\" class=\"wp-image-354 size-full\" srcset=\"https:\/\/lmsfeirabogados.com.ar\/wp-content\/uploads\/2026\/02\/IMG_0024-1024x683.jpeg 1024w, https:\/\/lmsfeirabogados.com.ar\/wp-content\/uploads\/2026\/02\/IMG_0024-300x200.jpeg 300w, https:\/\/lmsfeirabogados.com.ar\/wp-content\/uploads\/2026\/02\/IMG_0024-768x512.jpeg 768w, https:\/\/lmsfeirabogados.com.ar\/wp-content\/uploads\/2026\/02\/IMG_0024-1536x1024.jpeg 1536w, https:\/\/lmsfeirabogados.com.ar\/wp-content\/uploads\/2026\/02\/IMG_0024-2048x1365.jpeg 2048w\" sizes=\"auto, (max-width: 1024px) 100vw, 1024px\" \/><\/figure><\/div>\n\n\n\n<div class=\"wp-block-media-text is-stacked-on-mobile is-vertically-aligned-center\"><figure class=\"wp-block-media-text__media\"><img loading=\"lazy\" decoding=\"async\" width=\"1024\" height=\"1024\" src=\"https:\/\/lmsfeirabogados.com.ar\/wp-content\/uploads\/2026\/02\/68a86c05f70ec1e2fb873e76_global-100-2026-awards-logo-1024x1024.png\" alt=\"\" class=\"wp-image-369 size-full\" srcset=\"https:\/\/lmsfeirabogados.com.ar\/wp-content\/uploads\/2026\/02\/68a86c05f70ec1e2fb873e76_global-100-2026-awards-logo-1024x1024.png 1024w, https:\/\/lmsfeirabogados.com.ar\/wp-content\/uploads\/2026\/02\/68a86c05f70ec1e2fb873e76_global-100-2026-awards-logo-300x300.png 300w, https:\/\/lmsfeirabogados.com.ar\/wp-content\/uploads\/2026\/02\/68a86c05f70ec1e2fb873e76_global-100-2026-awards-logo-150x150.png 150w, https:\/\/lmsfeirabogados.com.ar\/wp-content\/uploads\/2026\/02\/68a86c05f70ec1e2fb873e76_global-100-2026-awards-logo-768x768.png 768w, https:\/\/lmsfeirabogados.com.ar\/wp-content\/uploads\/2026\/02\/68a86c05f70ec1e2fb873e76_global-100-2026-awards-logo.png 1080w\" sizes=\"auto, (max-width: 1024px) 100vw, 1024px\" \/><\/figure><div class=\"wp-block-media-text__content\">\n<p>L. M. Sfeir Abogados ha sido distinguida en la categor\u00eda Global 100 &#8211; 2026 de GPMG como Best Legal Services Business of de Year &#8211; Argentina.<br>Agradecemos a nuestro equipo y clientes por este logro que nos impulsa a seguir buscando la excelencia d\u00eda a d\u00eda para seguir brindando el mejor servicio.<\/p>\n<\/div><\/div>\n","protected":false},"excerpt":{"rendered":"<p>Somos un Estudio de Abogados full service que asesora a clientes corporativos y financieros, as\u00ed como a organismos gubernamentales y multilaterales. Participamos en transacciones y litigios de alta complejidad y&hellip;<\/p>\n","protected":false},"author":1,"featured_media":0,"parent":0,"menu_order":0,"comment_status":"closed","ping_status":"closed","template":"","meta":{"om_disable_all_campaigns":false,"_monsterinsights_skip_tracking":false,"_monsterinsights_sitenote_active":false,"_monsterinsights_sitenote_note":"","_monsterinsights_sitenote_category":0,"footnotes":""},"class_list":["post-12","page","type-page","status-publish","hentry"],"aioseo_notices":[],"_links":{"self":[{"href":"https:\/\/lmsfeirabogados.com.ar\/index.php?rest_route=\/wp\/v2\/pages\/12","targetHints":{"allow":["GET"]}}],"collection":[{"href":"https:\/\/lmsfeirabogados.com.ar\/index.php?rest_route=\/wp\/v2\/pages"}],"about":[{"href":"https:\/\/lmsfeirabogados.com.ar\/index.php?rest_route=\/wp\/v2\/types\/page"}],"author":[{"embeddable":true,"href":"https:\/\/lmsfeirabogados.com.ar\/index.php?rest_route=\/wp\/v2\/users\/1"}],"replies":[{"embeddable":true,"href":"https:\/\/lmsfeirabogados.com.ar\/index.php?rest_route=%2Fwp%2Fv2%2Fcomments&post=12"}],"version-history":[{"count":10,"href":"https:\/\/lmsfeirabogados.com.ar\/index.php?rest_route=\/wp\/v2\/pages\/12\/revisions"}],"predecessor-version":[{"id":371,"href":"https:\/\/lmsfeirabogados.com.ar\/index.php?rest_route=\/wp\/v2\/pages\/12\/revisions\/371"}],"wp:attachment":[{"href":"https:\/\/lmsfeirabogados.com.ar\/index.php?rest_route=%2Fwp%2Fv2%2Fmedia&parent=12"}],"curies":[{"name":"wp","href":"https:\/\/api.w.org\/{rel}","templated":true}]}}